h = 14 + -3. Suppose -119 = -h*w - 31. Calculate the greatest common factor of w and 8.
8
Let m be (-1624524)/(-300) - 6/375*5. What is the highest common divisor of 114 and m?
57
Let q = 15 - 9. Let a be q/3 - (-2 - -2). Suppose k - 61 = -5*w, -a*w = w + 5*k - 41. Calculate the greatest common factor of w and 4.
4
Suppose 0 = 4*o - 115 + 19. Calculate the highest common divisor of o and 2424.
24
Let f(j) = -j**3 + 9*j**2 - j + 12. Let n be f(8). Suppose -22*m = -20*m - n. What is the highest common divisor of 170 and m?
34
Suppose -3*i = 5*w - 40, -6 = 5*w - 4*i - 11. Suppose -6*y + 176 = w*y. Calculate the greatest common divisor of y and 16.
16
Let g(w) = -6*w**3 - 3*w**2 - 12*w - 12. Suppose -4*q = -13*q - 18. Let v be g(q). Calculate the highest common divisor of v and 60.
12
Let p = -250 - -760. Let v be p/4 - (-48)/(-32). Calculate the greatest common factor of 6 and v.
6
Let w = 4 - 1. Let j(t) be the third derivative of 4*t**4/3 + 79*t**3/6 + 489*t**2. Let r be j(-2). Calculate the greatest common factor of w and r.
3
Let b(r) = -3*r. Let t be b(-1). Suppose -2*y = t*y - 150. Let n be (12/(-8)*2)/(218/(-3270)). What is the greatest common factor of n and y?
15
Let a(p) = -p**2 - 24*p + 18. Let t be a(-24). Suppose 5*i = -4*s + 18, -5*s + 2*i + t = -3*s. What is the highest common divisor of 56 and s?
7
Suppose 2450*k - 2431*k - 101574 = 0. Calculate the greatest common divisor of 176 and k.
22
Suppose -3*c = 4*b - 306, 0 = -3*b + 36*c - 35*c + 236. What is the highest common divisor of b and 942?
6
Let s be 412/6 - (11/21 + (-23)/(-161)). Calculate the highest common divisor of s and 68.
68
Let k be 14*(125/10 - 12). Let c(p) = p**3 - 3*p**2 + 2*p - 4. Let m be c(3). Suppose -m*y - 1 = -3*y. Calculate the greatest common factor of y and k.
1
Let s(h) = -h**2 - 16*h - 12. Let c be s(-14). Let m be c/6*(-7 + 43/4). Let l be 53/(((-45)/m)/(-9)). What is the greatest common divisor of 53 and l?
53
Suppose 883*u = 880*u + 158544. What is the greatest common divisor of u and 72?
72
Let f = -23 + 40. Suppose 5*y - 2*v - f = 0, 5*y + 3*v - 10 = -2*v. Let c(m) = -m**2 - 20*m - 60. Let r be c(-9). What is the highest common factor of r and y?
3
Suppose 4*f = 66 + 90. Suppose -802*m + 5900 + 2148 + 2378 = 0. What is the highest common factor of f and m?
13
Suppose 2*c = -m - 17, 23 = -5*c - m + 5*m. Let s be ((-10)/c)/((-4)/(5 - 33)). Suppose 2*l + s - 18 = 0. What is the highest common factor of l and 6?
2
Suppose -d = 2*d - 180. Let t be 3/(-2)*d/(-18). Suppose 7*p = -8*p + 1425. What is the greatest common divisor of p and t?
5
Let p(q) = -183*q + 2749. Let d be p(-14). What is the highest common factor of 226 and d?
113
Let y(v) = -v**3 + 13*v**2 + 44*v + 78. Let x be y(16). Calculate the highest common factor of x and 16114.
14
Let a = -10643 - -10715. What is the greatest common divisor of a and 248?
8
Suppose -3*m = -80*y + 75*y + 1004, m = 2*y - 403. What is the greatest common factor of 14555 and y?
205
Let t be ((-5544)/(-896))/(-99) - (2 + 2946/(-32)). What is the highest common factor of t and 18390?
30
Let m(o) = -1. Let r(a) = a + 10. Let g(b) = -4*m(b) + r(b). Let q be g(-8). Suppose k = q + 33. Calculate the greatest common factor of k and 273.
39
Let u = -99 + 101. Suppose u*h = 2*m - 18, 5*h = m + 7*h - 6. Suppose -m*d = 5*d - 52. Calculate the highest common divisor of d and 100.
4
Let o = -177 - -141. Let p be (-6390)/o*(-2)/(-1)*2. Suppose 7*t - p = -17. Calculate the highest common divisor of t and 33.
33
Suppose -9*a + 13*a - 143 = -b, -2*a - 2*b + 76 = 0. Suppose 6*r = a + 97. What is the greatest common factor of 22 and r?
22
Let n(j) = 161*j + 113. Let v be n(2). What is the greatest common factor of v and 135?
15
Suppose -443*g + 24570 = -238*g + 250*g. What is the highest common factor of g and 6318?
54
Let t(l) = 9*l - 132. Let i be t(15). Let x be 34*i/2*(-117)/(-27). Calculate the greatest common factor of x and 39.
13
Suppose 0 = d - 317 + 313. Suppose 12*g - 9*g - 147 = -3*v, -d*g = 12. What is the highest common divisor of 234 and v?
26
Let w(l) = -51 - 11*l**2 + 10*l**2 - 92*l + 112*l. Let y be w(5). What is the highest common factor of y and 18?
6
Let n be -3*38/18 - 120/45 - -1593. Calculate the greatest common factor of n and 36.
36
Let x = 4379 - -4495. What is the highest common factor of x and 816?
102
Let g = 18893 + -11913. Calculate the highest common factor of g and 20.
20
Let n be (0 - (-276)/(-30))*-5 + -3. Suppose m = -3*x + 119, 3*x - 4*m = n + 51. What is the greatest common divisor of x and 475?
19
Let i(h) be the second derivative of 0 - 4*h - 5/2*h**2 + 7/12*h**4 - 7/6*h**3. Let g be i(-4). What is the greatest common factor of g and 54?
27
Suppose 0 = -3*c + 5*h + 134, 2*c = -4*h + 27 + 77. Let x = 106 - c. Suppose -3*g = -3, 3*g = -2*f - g + x. What is the greatest common divisor of f and 54?
27
Let c = -969 + 1080. What is the highest common divisor of c and 2553?
111
Let x be 15/((-5)/(-5)*-1). Let j = -3 - x. Suppose -10*o + 108 = -j. What is the greatest common factor of 30 and o?
6
Let o = -2727 - -2729. What is the greatest common divisor of o and 1514?
2
Let b(s) = -2*s + 5. Let l be b(4). Let t = 77 - l. Suppose 10 = p - 14 + 8. What is the greatest common factor of p and t?
16
Let w be 4 + 10093/9 + 144/(-324). Calculate the highest common factor of 9 and w.
9
Suppose -24*s + 65 = -11*s. Let u(y) = y - 3. Let i be u(s). Suppose n = -i*a - 0*n + 34, -72 = -5*a + 4*n. Calculate the greatest common divisor of 4 and a.
4
Suppose -2*f - 4*q = -108, 3*f + 5*q - 162 = q. What is the highest common divisor of f and 252?
18
Suppose 188 = 5*w - 4*s - 1036, 0 = 3*w + s - 714. What is the greatest common factor of 5880 and w?
120
Let h be (4 - -7) + (1 - 2). Let k be (8/18)/(164/2952). What is the highest common factor of h and k?
2
Let t be (26 - 29)*8/(-2). Let y be 1/6*(-11 + 1356/t). Calculate the greatest common divisor of y and 425.
17
Let m be -1 + 124 + -9 + 21. What is the greatest common divisor of 1155 and m?
15
Let g(q) = -23*q + 255. Let t be g(9). Let o(k) = 67*k - 2. Let m be o(2). Calculate the highest common factor of t and m.
12
Suppose 0 = 21*i - 2641 - 1559. Calculate the greatest common factor of i and 9050.
50
Let d(l) = 2*l**3 - 4*l**2 + 11*l - 21. Let o be d(3). What is the highest common factor of o and 255?
15
Let h be (-7)/63 - (-640)/9. Suppose -j = 5*f - 154, 4*f + 4*j = h + 65. Calculate the highest common factor of f and 75.
15
Let n be ((-8648)/690)/((-2)/15). What is the highest common factor of 329 and n?
47
Let w be (10/3)/((-14)/(-3759)). Suppose 14*z - 155 - w = 0. Calculate the greatest common divisor of 195 and z.
15
Let n be (-1)/(-1 - (4 - 4)). Let i be (-18)/(-9) - (n - 17). Let f = -13 + 22. Calculate the greatest common factor of i and f.
9
Let b(g) = 66*g - 1140. Let o be b(22). What is the greatest common factor of 1920 and o?
24
Let u(m) = -m**3 - 5*m**2 + 40*m - 238. Let p be u(-13). Calculate the highest common divisor of p and 432.
54
Let t = 213 + 9. Let k(m) = 228*m + 13828. Let n be k(-60). Calculate the highest common factor of n and t.
74
Let t be (1 + -13)*(17 + (-848)/48). Suppose -x - 24 = -7*x. What is the greatest common divisor of t and x?
4
Suppose h - 14 = -9. Suppose 5*o - 10 = -l - 0*o, h*l - 90 = -5*o. Let w = 288 + -128. Calculate the highest common divisor of w and l.
20
Let r(q) = -24*q + 70. Let j(n) = -2*n - 2. Let c(i) = 5*j(i) - r(i). Let o be c(7). Calculate the highest common factor of o and 387.
9
Let m(r) = 102*r - 596. Let x be m(6). What is the greatest common divisor of x and 28?
4
Suppose 4*l - 5*l = 13*l - 18886. What is the greatest common factor of l and 114?
19
Let d = -233 + 386. Let r = 5 + 1. Let g be ((-1056)/10)/(-6) + r/(-10). What is the highest common divisor of g and d?
17
Let p be ((-6)/(-4))/(133/114*36/1400). What is the highest common factor of p and 470?
10
Let v(u) = 87*u + 2804. Let i be v(-28). Calculate the greatest common divisor of i and 598.
46
Suppose 3*m - 539 = -4*f, 3*f + m = 152 + 251. Suppose -4 = -3*j - 7. Let t = f + j. What is the highest common divisor of t and 19?
19
Suppose 8 = -6*w - 22, 3*s - 17 = w. What is the greatest common divisor of 326 and s?
2
Let z(x) = x**2 + 45